 j**2. Let p be x(-18). What is the greatest common factor of 29 and p?
29
Let y be (32 + 2)*6/(12/7). What is the greatest common divisor of y and 68?
17
Let p(x) = 2*x**2 + x + 3. Suppose -7*z + 30 = -2*z. Let s be (-4)/2 + z/(-6). Let u be p(s). Calculate the highest common factor of u and 18.
18
Suppose 199 = 55*t - 131. Calculate the greatest common divisor of t and 6.
6
Let r(l) = -l**2 - l + 252. Let t(o) = o - 1. Let i be t(1). Let q be r(i). What is the greatest common divisor of q and 28?
28
Let q be (-98)/(-4) - (-6)/(-4). What is the highest common factor of 368 and q?
23
Suppose -n = 3*n - 32. Let t be ((-9)/2)/(n/128). Let y be t/16*(-16)/6. What is the greatest common divisor of y and 12?
12
Let o(i) = 9*i - 43. Let k be o(5). Suppose 2*y - 3*z - 32 = y, k*y - 66 = 5*z. Calculate the greatest common factor of y and 190.
38
Suppose x - c = 2*x - 96, 0 = 5*x - 4*c - 507. Suppose -41 - x = -7*b. What is the greatest common divisor of b and 20?
20
Let y = 83 - 20. Let t = y - 9. Suppose -b + t = b. Calculate the highest common factor of b and 3.
3
Let j(a) = 152*a**2 + 11*a - 10. Let o be j(1). What is the highest common divisor of o and 51?
51
Suppose -4*x = -2*a + 318, 3*a - 329 - 181 = -5*x. Calculate the greatest common factor of a and 30.
15
Let l = -30 - -34. Suppose 160 = l*h + 4*y, 2*h + 4*y - 76 = 6*y. What is the greatest common factor of 156 and h?
39
Let h be ((-168)/(-8))/((-3)/(-33)). Suppose 0 = -a - 5*c + 31 + 22, -4 = 2*c. Suppose -8*t + 5*t + a = 0. What is the highest common divisor of t and h?
21
Suppose 0 = p - 0*i + 2*i - 67, -2*i + 319 = 5*p. Calculate the greatest common divisor of 35 and p.
7
Let g = -355 - -553. Let c(l) = -2*l + 2. Let x be c(-8). Calculate the greatest common factor of g and x.
18
Let t = -270 - -409. Calculate the highest common divisor of t and 1.
1
Suppose 223*n = 214*n + 405. What is the highest common factor of n and 285?
15
Suppose -36 = -130*i + 127*i - 5*f, 0 = i - 5*f - 12. Calculate the greatest common factor of i and 164.
4
Let d be 4 - (4 - 21) - 3. Let b = 74 - d. Calculate the highest common divisor of b and 7.
7
Suppose -3*j = -50 - 4. Let s be (-54)/(-6) - 1 - 2. Calculate the highest common factor of s and j.
6
Let m be (8/7)/(15/105). What is the highest common factor of m and 156?
4
Suppose 5*y = -0*v + 5*v - 50, 24 = 4*v + 4*y. What is the greatest common divisor of v and 232?
8
Suppose -153*l + 225*l = 22968. What is the greatest common divisor of 11 and l?
11
Let u = 29 + -31. Let d be (-65 + 0)*(u - -1). Let l(v) = -2*v - 3. Let g be l(-8). What is the highest common divisor of g and d?
13
Suppose -8 = -a - 3*a. Let o be -4*(a - 1)/(-1). Suppose -s + 5*k + 39 = 0, -4*k + 0*k = o*s - 60. Calculate the highest common divisor of s and 133.
19
Suppose 2476 = -5*j + 13641. Suppose 3*h = j + 107. Suppose -4*u = 4*x - 804, 4*x - u = 3*u + h. Calculate the highest common factor of x and 22.
22
Let l be (20/7)/((-8)/(-56)). Suppose 5*h + 17 = -63. Let d = h + 24. Calculate the highest common factor of l and d.
4
Let z be (369/(-5)*30/(-6))/1. What is the highest common factor of 82 and z?
41
Suppose -2*l = 2*j - 778, 27*j + 2*l + 1550 = 31*j. Calculate the highest common divisor of 4 and j.
4
Let m be 47 - 4/2*6/12. What is the highest common divisor of 92 and m?
46
Let t = -36 + -5. Let d = 101 + t. Let q(z) = -z**3 - 4*z**2 + 2*z - 3. Let s be q(-5). What is the highest common factor of d and s?
12
Let q(u) = -22*u. Let f be q(-3). Suppose 0 = 3*o + h - 67, o - 3*o + 42 = -2*h. What is the highest common factor of o and f?
22
Let z be (72/(-15))/((-20)/300). What is the greatest common factor of 252 and z?
36
Let j(o) = 3*o + 80. Suppose -4*c = 5*v - 7 - 8, -5*v + 15 = -3*c. Let i be j(c). Calculate the greatest common divisor of i and 32.
16
Suppose 10*f = 5*f + 25. Suppose f*a - 91 = 9. Let w = a - -36. What is the greatest common factor of 8 and w?
8
Let j(m) = 2*m**2 - 5*m + 392. Let y be j(0). Calculate the highest common divisor of y and 49.
49
Let v = 286 - 242. Calculate the highest common factor of v and 352.
44
Suppose 0 = -2*u + u + 3, 8*f = 2*u + 98. Let h(r) = -6 + 1 - 3*r + 0*r. Let s be h(-6). What is the highest common divisor of f and s?
13
Let i = 209 - 195. Suppose -2*h = h - 126. Calculate the highest common divisor of i and h.
14
Let i be (-207)/(4/(-2) + 1). Let d be (16/(-8) - -24) + 1. What is the greatest common factor of i and d?
23
Let g = -1936 + 2044. Let y = 1 + 17. What is the highest common factor of y and g?
18
Let c = 166 - 126. What is the highest common divisor of c and 15?
5
Let f(i) = i**2 - 16*i + 3. Let d be f(16). Suppose 0 = -4*b + 2*b + 2, d*k = -b + 7. What is the greatest common factor of 14 and k?
2
Let j = -91 - -94. Suppose 51 = -j*k + 195. What is the highest common divisor of k and 6?
6
Let f be (-18)/24*-4 - (1 + 1). Suppose f = a - 39. What is the highest common divisor of 8 and a?
8
Let x be 1/(-3) + (-48)/(-9). Suppose 0 = x*n, l + 2*l + 2*n = -210. Let p = 8 - l. Calculate the greatest common divisor of 13 and p.
13
Suppose -3*t - 18 = -0*t. Let m be (-5 + -1)/(t/104). Suppose 0 = i - 2*n - 23, 2*n = 3*n + 5. Calculate the greatest common divisor of m and i.
13
Let m be (-12766)/(-7) + (-40)/(-140). Calculate the greatest common divisor of 19 and m.
19
Suppose 2 + 1 = 3*b + 3*r, -4*b + 29 = -r. Let g be (b/18)/((-1)/(-72)). Calculate the greatest common divisor of 120 and g.
24
Let u = -609 - -929. What is the highest common divisor of u and 20?
20
Suppose -3*j - 25 = 5. Let b(s) be the third derivative of s**4/12 + 11*s**3/3 + 3*s**2 - 1. Let t be b(j). What is the highest common factor of 3 and t?
1
Let h be (3/(-2))/(2/(-4)). Suppose -159*p - 24 = -165*p. Suppose -h*d + p + 35 = 0. What is the highest common divisor of d and 13?
13
Let s be (-6722)/(-14) - 11/77. Suppose 0*k - s = -4*k. Calculate the highest common factor of k and 15.
15
Suppose 13*x = -4*x + 1768. Calculate the highest common factor of x and 16.
8
Let p = 103 + -59. Suppose -3*o = -3*l + 30, o = -4*l + 6*o + p. Let s be l*56/(16/4). Calculate the greatest common factor of 21 and s.
21
Let k(j) = 259 + 2*j - 246 + 0*j. Let t be 2/(-3) + (-96)/18. Let n be k(t). What is the greatest common factor of 11 and n?
1
Let y = 258 - 560. Let g = -181 - y. Let z be (-180)/(-16) - 2/8. What is the highest common factor of z and g?
11
Let u be ((-9)/15)/((-4)/(-60)). Let h be (-4 + u/(-2))*16. Let n be h + -1 - (-1 + 0). Calculate the highest common factor of n and 8.
8
Suppose k - 1 = -5. Let u(x) = x**3 + 4*x**2 - 2*x + 7. Let m be u(k). What is the greatest common divisor of 105 and m?
15
Let w(v) = 11*v - 31. Let y be w(7). Let l(f) = f**3 + 14*f**2 - 16*f + 8. Let r be l(-15). Calculate the greatest common divisor of r and y.
23
Suppose -23826 = -29*u + 16513. What is the greatest common factor of 107 and u?
107
Suppose 5*d + 0*d - 10 = 0. Suppose 2*r - 4 = d. Suppose -5*y - 3*q + 2 = -r, -5*y - 5 = 5*q. What is the greatest common factor of 32 and y?
4
Suppose 0 = -5*m - 0*m, j - 2080 = -3*m. What is the highest common factor of j and 65?
65
Let t(a) = -13*a - 3. Let y be t(-2). Let z = y - 21. Suppose -z*s = -s - 27. Calculate the highest common divisor of s and 9.
9
Let v(t) = -9*t - 120. Let l be v(-16). Calculate the highest common divisor of l and 24.
24
Let i(k) = -k**3 - 4. Let j be i(-2). Suppose -j*g - 17 = -m, -37 = -5*m - 3*g + 48. Calculate the greatest common factor of 221 and m.
17
Let y(t) = 13*t**2 - 29*t + 4. Let k be y(4). What is the highest common divisor of k and 72?
24
Let a be 1/((-4)/(-74)) - (-21)/14. Calculate the greatest common factor of a and 65.
5
Suppose -57*d - 72*d - 214 + 1762 = 0. Let t = 363 + -231. What is the greatest common factor of t and d?
12
Let d be 10/(-15) + (-106)/(-6). Calculate the highest common divisor of 323 and d.
17
Suppose -2*g + 1057 = -3*m, 3*g - 687 - 909 = m. Suppose o + 139 = -g. Let j be (-36)/(-14)*o/(-36). What is the greatest common factor of j and 24?
24
Let t(q) = -q**3 + 30*q**2 - 30*q + 80. Let m be t(29). What is the greatest common divisor of m and 102?
51
Suppose 2*m - 262 = -138. What is the greatest common factor of 403 and m?
31
Let w = -3054 - -3063. Suppose -5*m + 4*m + 2 = 0